c1
In base 13, what is 409c6 - 36?
40990
In base 3, what is 112000111101221100 + 2?
112000111101221102
In base 14, what is -3c19d91 + 4?
-3c19d8b
In base 13, what is 0 - 7a92c?
-7a92c
In base 10, what is 517 - 58434?
-57917
In base 4, what is 3032003 - -21203?
3113212
In base 10, what is -137 + 23537?
23400
In base 8, what is -17502542 + -2?
-17502544
In base 14, what is -4 + 77804a?
778046
In base 13, what is 10230 - 112?
1011b
In base 12, what is 69 - -77115?
77182
In base 14, what is -3126 - 2926?
-5a4c
In base 6, what is 350305330410 - -1?
350305330411
In base 5, what is 2 + 13441330110?
13441330112
In base 14, what is -65d0 - -6a?
-6564
In base 6, what is -113254 + 303232?
145534
In base 7, what is -154 + -10222431?
-10222615
In base 16, what is 0 + -2b5ee42?
-2b5ee42
In base 3, what is -1020122201 - 2212?
-1020202120
In base 13, what is 127 - 2a219?
-2a0c2
In base 7, what is 13 - 24645616?
-24645603
In base 12, what is -2b3a - -1772?
-1388
In base 6, what is 3043543325 + -11?
3043543314
In base 5, what is -2 + -240404044?
-240404101
In base 12, what is 4627 - 6b6?
3b31
In base 12, what is -39a - 92a7?
-9685
In base 15, what is 5 + 16811c3?
16811c8
In base 11, what is 8aaaa64 + -9?
8aaaa56
In base 13, what is -24 + -5c0894?
-5c08b8
In base 15, what is -136c + 25c8e?
24922
In base 9, what is 17602 - 3083?
14508
In base 3, what is -2002111 + 220122020?
211112202
In base 12, what is 16567 + -1420?
15147
In base 12, what is -3089a + -153?
-30a31
In base 15, what is -6e + 3b90d1?
3b9062
In base 11, what is 1635266 - -4a?
1635305
In base 4, what is 22133310201 + 302?
22133311103
In base 9, what is -236417 + 338?
-236068
In base 2, what is -110 + -110100100101010111111011001?
-110100100101010111111011111
In base 6, what is -20 - 3253505025?
-3253505045
In base 11, what is 47 + 1001a5?
100241
In base 3, what is 1110120 - -1012001101?
1020111221
In base 15, what is -19 + 829a1?
82987
In base 5, what is 10 - -1210442432?
1210442442
In base 16, what is -2aebf + -b0d?
-2b9cc
In base 16, what is -1100 + 4bb?
-c45
In base 12, what is 6 + -2104531?
-2104527
In base 7, what is 13525 + 140141?
153666
In base 14, what is -6d8d4a7 + -5?
-6d8d4ac
In base 8, what is 211172360 + -7?
211172351
In base 16, what is -4ac3 + -46?
-4b09
In base 5, what is -1010431 + -13324?
-1024310
In base 8, what is -37 - -25526601?
25526542
In base 14, what is -4d04 - -721d?
2319
In base 15, what is -5 - -1daa79b?
1daa796
In base 15, what is -2a + -100363?
-10038d
In base 9, what is 3 - 406083231?
-406083227
In base 12, what is -a + 122907?
1228b9
In base 14, what is 7bdb02 - 51?
7bda91
In base 2, what is 11 + -1111101000110001?
-1111101000101110
In base 11, what is 24 - -47a370?
47a394
In base 4, what is -13110321033021 - 2?
-13110321033023
In base 3, what is -21020012101 + -100211?
-21020120012
In base 8, what is 11136 - 5002?
4134
In base 15, what is -6 - 2d4a29?
-2d4a30
In base 3, what is 1022 - 112220000120?
-112212222021
In base 3, what is 111001012120 - -121022?
111001210212
In base 15, what is 2dba436 + -3?
2dba433
In base 6, what is 11 - -4435524302?
4435524313
In base 2, what is -110010111010010 + -1001011000?
-110100000101010
In base 6, what is -23 + 520214555?
520214532
In base 8, what is 0 + 2643076?
2643076
In base 9, what is -65 + -126687?
-126763
In base 9, what is -174681152 + 1?
-174681151
In base 13, what is -192b + 779c?
5b71
In base 8, what is 2 - 662143127?
-662143125
In base 16, what is -a + -27953?
-2795d
In base 8, what is 1364055 - -4?
1364061
In base 7, what is 1232112532 + 16?
1232112551
In base 8, what is -41457066 + -5?
-41457073
In base 8, what is -5132 - -512?
-4420
In base 14, what is 164284a - a?
1642840
In base 7, what is -3 - 452302531?
-452302534
In base 4, what is -11 - 110033203020030?
-110033203020101
In base 12, what is 134449 - -4?
134451
In base 5, what is 142430 - 1213430?
-1021000
In base 14, what is -1 + 25dc31a?
25dc319
In base 3, what is 11122020 - 122011221?
-110112201
In base 14, what is -3cc - 35431?
-3581d
In base 13, what is -60770a + 33?
-6076a7
In base 9, what is 1317 + -10027?
-7610
In base 10, what is 37140317 - 2?
37140315
In base 4, what is -203 + 211031311010?
211031310201
In base 7, what is 3163651 + -1241?
3162410
In base 11, what is -5 - 9641385?
-964138a
In base 10, what is -150 + -164785?
-164935
In base 12, what is -7 + -4b2a965?
-4b2a970
In base 16, what is 4d2fde + 2?
4d2fe0
In base 12, what is -58 - 417?
-473
In base 8, what is -246505 - -4616?
-241667
In base 4, what is -223231110300 - -10?
-223231110230
In base 7, what is 10344446 - 23?
10344423
In base 6, what is -142343 + 33340?
-105003
In base 6, what is 35154 + 1453032?
1532230
In base 6, what is -10012202 - 330?
-10012532
In base 16, what is 42bcc89 + -2?
42bcc87
In base 16, what is -5551 + 5d6?
-4f7b
In base 8, what is -136764657 + 4?
-136764653
In base 16, what is -775 - 16f5a?
-176cf
In base 15, what is -73378 + 116?
-73262
In base 5, what is 121311023 - 4302?
121301221
In base 16, what is -1cb9d1e - -3?
-1cb9d1b
In base 8, what is 12464 + 1074?
13560
In base 8, what is 10606660 + -51?
10606607
In base 2, what is -10110100111 + 11001?
-10110001110
In base 9, what is 43 - -22154?
22207
In base 9, what is 5 - -846741576?
846741582
In base 5, what is -3224 - 123313332?
-123322111
In base 8, what is -1 + 120231242?
120231241
In base 16, what is -9 - -5a0d7?
5a0ce
In base 9, what is -1537 - 324353?
-326001
In base 8, what is -507370004 + 0?
-507370004
In base 5, what is -223442 - 120221?
-344213
In base 13, what is -2 + -6981372?
-6981374
In base 6, what is -23120503534 - -1?
-23120503533
In base 13, what is 97502 + -14?
974bb
In base 16, what is -d8d - -1c?
-d71
In base 16, what is -10b9006 + 0?
-10b9006
In base 16, what is -26ddfb - 3?
-26ddfe
In base 13, what is 4c9348 + -76?
4c92a2
In base 14, what is -375c6 + 307?
-372bd
In base 13, what is 22 + -1ab8c?
-1ab6a
In base 9, what is 18 - -55636?
55655
In base 12, what is 4bb9135 + 45?
4bb917a
In base 4, what is -11 - -23122203200?
23122203123
In base 6, what is -133 - -203322154?
203322021
In base 3, what is 1101122012 + -1021212?
1100100100
In base 13, what is 96054 + -16?
9603b
In base 3, what is 22021 - 11001200200?
-11001101102
In base 9, what is -54 - -1370768?
1370714
In base 15, what is -4c8e - -72c7?
2538
In base 2, what is 11001110011100011 - 11101?
11001110011000110
In base 2, what is -111001110011100101 - 100100?
-111001110100001001
In base 15, what is 15 - -4102b4d?
4102b63
In base 6, what is 2 - 1342555032?
-1342555030
In base 10, what is -673 - 998?
-1671
In base 13, what is 671c - -71c?
713b
In base 16, what is -492b60d + -5?
-492b612
In base 15, what is -201c20d - 6?
-201c214
In base 8, what is -3512152 + -6?
-3512160
In base 9, what is 61640070 + -8?
61640061
In base 12, what is 8a + -66276?
-661a8
In base 6, what is -42223354 - -15?
-42223335
In base 13, what is 3864c + -cc?
38550
In base 3, what is -11 + 2201012122220?
2201012122202
In base 13, what is 445653 - -75?
4456c8
In base 2, what is -101000 - -10101111000011111101?
10101111000011010101
In base 7, what is -1050254454 - -4?
-1050254450
In base 13, what is -35 + 95a908?
95a8a3
In base 14, what is -617386d - -3?
-617386a
In base 5, what is 2234243 - 1043?
2233200
In base 13, what is 2 - -3b333b4?
3b333b6
In base 4, what is -21022320210000 - 1?
-21022320210001
In base 5, what is -113 + 1044244?
1044131
In base 3, what is -121021 + 110021211011?
110021012220
In base 6, what is 245113505 + 4?
245113513
In base 11, what is 774556 - 31?
774525
In base 15, what is 5 + -331ab76?
-331ab71
In base 3, what is 2000022012102000012 - -10?
2000022012102000022
In base 11, what is -3 - -315a12?
315a0a
In base 7, what is -3203233 + 1161?
-3202042
In base 8, what is -271712 - 12?
-271724
In base 14, what is 4 - -2bc043?
2bc047
In base 10, what is 7755 + -28267?
-20512
In base 9, what is -682 + -63657?
-64450
In base 4, what is -1022231300 + 1302?
-1022223332
In base 2, what is -100100100101 + 10110011110010001?
10101111001101100
In base 8, what is -10 - -141634?
141624
In base 15, what is -2cc919 + -a7?
-2cc9c1
In base 9, what is 1061 - -33432?
34503
In base 12, what is 93bb - 2ab9?
6502
In base 13, what is -1289 + -5382c?
-54ab8
In base 11, wha